j) = j - 9. Let k(p) be the third derivative of p**4/24 - p**3/6 - 29*p**2. Let w be k(8). Let z be (0 - 12/8)*2 + w. What is x(z)?
-5
Let l(r) = -19*r - 31. Suppose 3*n - 39 = -155*k + 159*k, 0 = -6*n + 30. What is l(k)?
83
Let y(d) = 3*d**3 - 3*d**2 - 7*d - 30. Let c(u) = 5*u**3 - 6*u**2 - 13*u - 53. Let f(a) = -4*c(a) + 7*y(a). Determine f(-5).
-63
Let s(u) = u**2 + 20*u + 33. Let y = -5009 - -5005. Calculate s(y).
-31
Let a(n) be the third derivative of n**7/1680 - 7*n**6/720 - 9*n**5/20 - 4*n**2. Let k(q) be the third derivative of a(q). What is k(7)?
14
Let z(b) be the second derivative of 1/20*b**5 - 107*b + 11/2*b**2 + 11/12*b**4 + 0 + 5/3*b**3. Give z(-10).
11
Let v(h) be the first derivative of -h**3/3 + 2*h**2 + 45*h + 1672. Give v(-5).
0
Let z(t) = -t + 2. Let m be z(1). Let s be -2 - (6 - -6)*m/(-3). Let j(p) = 17 + 18 + 4*p + 12 - 42 - p**s. Give j(6).
-7
Let n(w) = -7*w - 43. Let m(u) = -u**2 - 105*u + 1660. Let b be m(14). Calculate n(b).
-1
Let x(s) be the second derivative of -3/2*s**2 - 1 - 35*s + 2/3*s**3 + 1/6*s**4. What is x(-4)?
13
Let h(b) be the third derivative of -b**6/120 - 7*b**5/60 - b**4/4 - 5*b**3/6 - 8*b**2. Let o = -720 - -714. Determine h(o).
-5
Let k be (655/(-15) + 43)*((-9)/(-2))/1. Let s(d) = 3*d**2 + 10*d + 8. Calculate s(k).
5
Let r(t) = 8*t + 5. Suppose 5*w + 975 = 1095. Let o(n) = n**3 - 25*n**2 + 24*n - 4. Let h be o(w). Calculate r(h).
-27
Let r(x) = x**3 + 4*x**2 + 2*x - 1. Let p be r(-2). Let s(a) = -2*a**3 + p + 3*a**2 + 2*a + 3*a**3 - 2. Let w be ((-34)/68)/((-1)/(-4)). Give s(w).
1
Let s(u) = u**2 + 5*u - 1. Let o be s(6). Let p be 4/(-10) - (-351)/o. Let c(b) = 2 - 78*b - 1 + 79*b. Determine c(p).
6
Let r = -552 + 554. Let s(b) = 21*b**2 + 19*b**r + 16*b**2 - 57*b**2 + 1 - 4*b. Give s(2).
-11
Suppose -10 + 6 = -2*r. Let y(d) = -3 - 7*d**3 - 3*d**r - 16*d**3 + 22*d**3 + d + d. Calculate y(-3).
-9
Let t(z) = 31*z - 115. Let q(w) = -35*w + 984. Let s be q(28). Calculate t(s).
9
Let b(j) = -14*j + 396. Suppose -1523*x = -1517*x - 168. Calculate b(x).
4
Let r(b) = -3*b**2 + 15*b - 14. Let p(x) = -4*x**2 + 23*x - 21. Let k(h) = 5*p(h) - 7*r(h). Suppose 0 = -22*l - 9419 + 28515. Let m = l - 876. Determine k(m).
-23
Let r(s) = -4*s - 14 - 19 + 13 + 37 + 2*s. Determine r(0).
17
Suppose -10*m = -5*m - 55. Let z = -9 + m. Let v(p) = 14*p - 2 + 0*p**z + p**2 - 7*p + 0*p. Determine v(-8).
6
Let l(p) = 18*p + 17. Let u = -41 - -36. Calculate l(u).
-73
Let k(x) = x**3 + x**2 - x - 7. Let m(s) = -2*s - 50. Let v be m(-25). Calculate k(v).
-7
Let h(q) = -q**3 + q**2 - q. Let b be 4*(-3)/30 - (-44)/10. Suppose -2*w = b*y - 18, 36*y - 39*y + 6 = -w. Give h(y).
-21
Let l(z) = -z - 1. Let n(b) = b + 1. Let j(d) = 2*l(d) + 3*n(d). Let u be (-2)/(3/42*4). Determine j(u).
-6
Let u(q) = q**2 - 3*q - 24. Let m(p) = 2*p**2 - 4*p - 43. Let b(d) = 4*m(d) - 7*u(d). Suppose 3*n + 2*n + 5 = 0. Let s be ((-18)/15)/(n/(-5)). Calculate b(s).
2
Let f(n) = 170 + 168 - 504 + 169. Let t(h) = -22*h + 8. Let s(j) = -3*f(j) + t(j). Calculate s(1).
-23
Let z(m) = -m - 4. Let p = -55 - -91. Let i be 13/(65/p) - 2/10. Suppose 0 = -4*o + i*h - 4*h + 10, 30 = 5*o + 5*h. What is z(o)?
-8
Let v(u) be the third derivative of 13*u**4/6 - 106*u**3/3 + u**2 + 1062*u. Give v(4).
-4
Suppose -170*a = -160 - 180. Let l(u) = 11*u**2 + 5. What is l(a)?
49
Let c(o) be the first derivative of -7*o**2/2 + 5*o - 6414. Let f = 3 + -1. What is c(f)?
-9
Suppose -1230 = -5*y + a + 4*a, 4*y = a + 996. Let u = 248 - y. Let v(r) = -5*r**2 - 1. Calculate v(u).
-21
Let k = -25 + 24. Let a(o) = 2*o**3 + 7*o - 6. Let j(s) = 2*s**3 - 5 + 4*s**3 + 6*s - s**3 - 2*s**3. Let z(v) = 6*a(v) - 7*j(v). Calculate z(k).
8
Let z(l) = l**3 - 4*l**2 + 5*l - 4. Let g(i) = i**3 + 5*i + 3. Let b be g(-2). Let j be 2*(-1)/(-5) - (-6)/b. Let v(m) = -3*m + 3. Let q be v(j). Give z(q).
2
Let h(g) = g**2 + 30*g - 213. Let o be h(6). Let f(b) = b**3 - 3*b**2 + b + 6. Calculate f(o).
9
Let m(a) be the first derivative of 5*a**3/3 + 2*a**2 - 8*a - 23. Let b(y) = 4*y**2 + 3*y - 7. Let c(r) = 4*b(r) - 3*m(r). Calculate c(-3).
5
Let g(m) = -5*m + 11*m**2 - 1 - 12*m**2 + 0 + 0*m. Let a(i) = -i**2 - 4*i - 1. Let u(n) = -5*a(n) + 4*g(n). What is u(-3)?
10
Let h(g) = g + 1. Let l(q) = -q**3 + 8*q**2 - 11*q + 34. Let n = 168 + -161. Let r be l(n). Determine h(r).
7
Let c(g) = -g**2 + 8*g + 21. Let z be (-1)/(-30)*-4*5*3. Let x be c(z). Let y(j) = -6*j**3 + 2*j**2 - j. Give y(x).
-5
Let o = -230 + 233. Let w = 7 + -5. Let m(a) = -3*a**2 - 2*a**2 + 0*a**2 + 2*a**w + 3*a + a**3. Give m(o).
9
Let m(a) = a - 7. Let x(q) = -q**3 - 6*q**2 - 7*q - 12. Suppose -4*o + 38 = 54. Let h be x(o). Let t = h - -23. Determine m(t).
0
Suppose w = -56 + 59. Let v(i) = 0*i**3 - i + 42 - i**w - 26. Suppose -5*a = -24*a + 14*a. Calculate v(a).
16
Let h(i) = 1089*i - 2 - 12 - 1090*i. What is h(-7)?
-7
Suppose -7*i + 3*i = -12. Let t(u) = 5 - i*u + 17*u**2 + 17*u**2 - 35*u**2. Let q be 12/(-10)*((-150)/(-9))/5. Determine t(q).
1
Let w = -1002 - -1006. Let n(g) = -5*g**3 - 12*g**2 + 10*g + 11. Let o(t) = -9*t**3 - 23*t**2 + 19*t + 21. Let a(c) = 11*n(c) - 6*o(c). Give a(w).
11
Let b be (-3)/(-1 + 5/8). Suppose -b = 5*p + 17, -2*a = 3*p + 5. Let j(u) = -a*u + 4*u - 2 + 3*u - u. What is j(2)?
0
Suppose -2*s = 2*m + 2, -5*m - 3 = 3*s - m. Let z be (0 - 12)*(86/(-4) - -7). Let j(k) = 1 - 176*k - 2 + z*k + 15*k**2. Determine j(s).
16
Let c(x) be the third derivative of x**7/2520 - x**6/120 - x**5/15 - x**4/24 - x**2. Let g(m) be the second derivative of c(m). Let t = -623 - -630. Give g(t).
-1
Let z(j) be the third derivative of j**5/120 - 7*j**4/24 - 2*j**3 + 77*j**2. Let v(x) be the first derivative of z(x). Calculate v(6).
-1
Let s be 220/18 - 2/9. Let g(p) be the first derivative of p**3/3 - 13*p**2/2 - 12*p + 52. Determine g(s).
-24
Suppose 7*d - 1620 = -24. Let o = d - 221. Let j(t) = -t**3 + 7*t**2 + 3*t - 3. Determine j(o).
18
Let d(i) = -246323*i**2 - 37 + 3*i**3 - 31*i - 2*i**3 + 246292*i**2. What is d(32)?
-5
Let p(z) = 3*z**2 + 17*z + 27. Let i(b) = -7*b**2 - 35*b - 60. Let v(l) = 6*i(l) + 13*p(l). Give v(5).
-29
Let c(l) = -l**3 - 13*l**2 - 10*l - 17. Let v be 1 + -1 + (-206)/16 + (-6)/48. What is c(v)?
113
Suppose 179332 = 23*t + 178964. Let r(s) = 2*s**2 - 31*s - 6. Calculate r(t).
10
Let b = -227 + 271. Suppose -46*j + b*j + 12 = 0. Let v(w) = w**2 - 5*w + 1. Give v(j).
7
Let n(x) = x**2 - 7*x + 7. Suppose -3*f - 2*a + 6 = 0, -4*a - 49 + 57 = 5*f. Determine n(f).
-5
Let u(f) be the first derivative of 61 + 6*f + 4*f**2 + 1/3*f**3. Calculate u(-6).
-6
Let p(q) = q - 11. Let h(s) = 3*s**2 - 26*s - 213. Let c be h(14). Give p(c).
0
Let r be ((-9)/((-36)/8))/(4/42). Suppose 0 = -14*v - 35 - r. Let d(g) = -g**2 - 3*g + 9. What is d(v)?
5
Let p(j) be the second derivative of j**5/20 + j**4/12 + j**3/6 + j**2 - 26294*j. Let y = 0 - 0. What is p(y)?
2
Let b(l) be the first derivative of -4*l**2 - 4*l - 2/3*l**3 + 124. What is b(-5)?
-14
Let t(k) be the second derivative of k**4/12 + 2*k**3 + 41*k**2/2 + 1029*k. Calculate t(-10).
21
Let n(y) = 12*y**3 - 267*y**2 + 64*y + 39. Let r be n(22). Let w(b) = 10*b**2 + 46*b - 26. Determine w(r).
-6
Let q(a) be the first derivative of 3*a**4/4 + 25*a**3/3 + 3*a**2 - 28*a - 2980. Determine q(-8).
-12
Let g(x) = -x**3 - 7*x**2 + 12*x - 5. Let h = -9320 - -9323. Calculate g(h).
-59
Let y(r) be the third derivative of -2*r**4/3 + 12*r**3 + 2*r**2 + 42. Let z(n) = 3*n - 14. Let v(c) = -2*y(c) - 11*z(c). Calculate v(-7).
17
Let r(a) = -a**2 + 70*a - 2. Let y(z) = -z**2 + 204*z - 19. Let u(g) = 3*r(g) - y(g). Give u(5).
-7
Let m(i) = -i**2 - 7*i - 17. Suppose 0 = 15*n - 17*n - 8. Give m(n).
-5
Let z = 49 - 43. Let c(m) = 0*m + 2*m**2 + z*m + 1 - 7*m. Let i be (-6)/9*(-27)/6. Give c(i).
16
Let a = 521 + -548. Let x be (-6)/a + 2/(-9) - 16. Let u(r) = -r**2 - 15*r + 20. What is u(x)?
4
Let j(o) be the third derivative of -1/30*o**5 + 0*o + 0 + 1/3*o**3 - 40*o**2 + 1/120*o**6 + 0*o**4. Let q be 2*6*3/12. Determine j(q).
11
Let a be ((-147)/9)/(6/(-18)). Let n be (14/a)/(3/7)*15. Let u(b) = b - 1. What is u(n)?
9
Suppose -4 = 4*x - 4*r, -3*x - 14 = -5*x - 2*r. Let p(k) = -11*k - 6. Let j(m) = 0 + 3 - 5*m - 6. Let l(b) = x*p(b) - 7*j(b). What is l(7)?
17
Let i(n) = -n**2 + 8*n + 5. Suppo